nd 516.
12
Calculate the greatest common divisor of 4482 and 11732382.
1494
Calculate the greatest common divisor of 88469536 and 64.
32
Calculate the greatest common divisor of 1214688 and 12.
12
Calculate the greatest common factor of 17982923 and 1047.
349
What is the greatest common divisor of 257350 and 20?
10
What is the greatest common factor of 2884 and 30318050?
1442
Calculate the greatest common factor of 181 and 101594757.
181
Calculate the highest common factor of 30201946 and 2.
2
What is the greatest common divisor of 29801723 and 316?
79
Calculate the highest common divisor of 19 and 148607512.
19
Calculate the greatest common factor of 2839431 and 84.
21
Calculate the highest common factor of 17503 and 6113113.
761
What is the highest common factor of 514612794 and 474?
474
What is the greatest common divisor of 96913 and 5095968?
487
Calculate the highest common divisor of 650 and 356319275.
325
Calculate the greatest common factor of 75767680 and 2560.
640
Calculate the greatest common factor of 441441 and 1218789.
1287
Calculate the greatest common divisor of 40942569 and 6303.
573
Calculate the highest common divisor of 118955817 and 306.
153
What is the greatest common factor of 343 and 20777?
1
Calculate the greatest common factor of 1183026 and 1164930.
2262
Calculate the highest common divisor of 30394 and 132687178.
4342
Calculate the greatest common divisor of 378 and 2842322.
14
Calculate the greatest common divisor of 372558 and 4836.
186
Calculate the greatest common factor of 1620028740 and 1740.
1740
Calculate the greatest common factor of 17 and 78525669.
17
Calculate the greatest common factor of 21 and 372607984.
7
Calculate the greatest common divisor of 8037 and 3202956.
423
Calculate the greatest common factor of 258752 and 5117816.
2488
Calculate the highest common divisor of 17035436 and 22.
22
Calculate the highest common factor of 151675 and 3875.
25
Calculate the highest common factor of 27 and 6825711.
3
Calculate the greatest common factor of 16965 and 948735.
1305
What is the greatest common factor of 144180 and 57316?
356
Calculate the greatest common divisor of 58573241 and 298.
149
Calculate the highest common divisor of 4935 and 56447517.
987
What is the greatest common factor of 23751585 and 195?
195
Calculate the greatest common divisor of 168 and 1149233288.
56
What is the greatest common divisor of 32618 and 52744?
694
What is the highest common factor of 3598524 and 38?
38
What is the highest common factor of 125764338 and 42?
42
Calculate the greatest common divisor of 5972933 and 358649.
1241
What is the highest common factor of 198 and 3951567?
9
Calculate the highest common divisor of 16777904 and 176.
176
Calculate the highest common factor of 660 and 200257080.
60
Calculate the greatest common factor of 11855232 and 16.
16
Calculate the greatest common factor of 439544 and 698232.
376
Calculate the highest common divisor of 8400223 and 355.
71
Calculate the highest common divisor of 77 and 329820337.
77
Calculate the highest common factor of 1446 and 801859056.
1446
What is the greatest common divisor of 373963297 and 17?
17
What is the greatest common divisor of 120883659 and 39?
39
Calculate the greatest common divisor of 28812 and 88368.
84
Calculate the highest common factor of 113757540 and 7800.
780
Calculate the highest common divisor of 107062370 and 7860.
1310
Calculate the greatest common factor of 12915 and 273560.
35
What is the highest common factor of 649343304 and 360?
72
What is the highest common factor of 285300 and 20325?
75
What is the greatest common divisor of 1804 and 11219527?
451
Calculate the greatest common factor of 169756 and 98921.
31
Calculate the highest common divisor of 5129 and 49612817.
5129
What is the greatest common factor of 488 and 104264?
8
What is the greatest common factor of 844111500 and 690?
690
What is the greatest common divisor of 86324558 and 6398?
914
Calculate the greatest common factor of 9489722 and 332.
166
Calculate the highest common divisor of 29480452 and 1004.
1004
Calculate the greatest common divisor of 171353710 and 680.
170
Calculate the greatest common factor of 756622876 and 51.
17
What is the highest common divisor of 24102 and 1688994?
1854
What is the greatest common factor of 2480544 and 25758?
486
What is the highest common factor of 277056 and 24125517?
4329
What is the greatest common factor of 55872 and 56195592?
2328
Calculate the highest common divisor of 285 and 734109.
3
What is the highest common divisor of 9271 and 164338?
127
Calculate the greatest common divisor of 949 and 15207725.
949
Calculate the highest common divisor of 4619650 and 109550.
350
What is the highest common divisor of 201880 and 308?
28
Calculate the highest common divisor of 6770853 and 2133.
711
Calculate the highest common factor of 93520 and 70420.
140
Calculate the highest common divisor of 98 and 29946490.
14
What is the highest common divisor of 108219008 and 43668?
4852
Calculate the greatest common divisor of 103393082 and 1326.
442
Calculate the highest common divisor of 41002 and 744458.
494
What is the highest common divisor of 474 and 8316192?
6
Calculate the highest common factor of 31670659 and 9.
1
What is the greatest common divisor of 2689 and 12731?
1
Calculate the highest common divisor of 85768394 and 33136.
4142
Calculate the greatest common divisor of 9911 and 17657904.
583
Calculate the greatest common factor of 30701 and 1403873.
2791
What is the highest common factor of 79328 and 3941536?
1184
What is the greatest common divisor of 48 and 390732?
12
What is the greatest common divisor of 424 and 101637464?
424
What is the greatest common factor of 142 and 164913972?
142
Calculate the highest common divisor of 125463 and 37869.
39
What is the highest common divisor of 10408 and 232952?
8
Calculate the highest common divisor of 1257306 and 172698.
1614
What is the highest common divisor of 32195240 and 4928?
616
What is the greatest common factor of 146612231 and 355?
71
What is the greatest common divisor of 2844 and 130425524?
316
What is the greatest common factor of 285951225 and 25?
25
What is the greatest common factor of 3295 and 3715?
5
Calculate the greatest common divisor of 93096 and 4297070.
862
Calculate the greatest common divisor of 1142 and 72180110.
1142
Calculate the greatest common divisor of 443885648 and 1712.
1712
Calculate the highest common divisor of 2 and 1099206.
2
What is the highest common divisor of 36 and 1110545847?
9
What is the highest common divisor of 679 and 1070589?
97
Calculate the highest common factor of 29994250 and 8125.
1625
Calculate the greatest common divisor of 8480423 and 119.
7
What is the greatest common divisor of 1553881 and 3336?
139
What is the greatest common divisor of 18 and 799544052?
18
What is the highest common divisor of 416430 and 16335?
45
What is the greatest common factor of 7 and 223291?
1
Calculate the greatest common divisor of 69027 and 102000108.
3633
Calculate the highest common divisor of 21284907 and 843.
843
What is the highest common divisor of 461225 and 19300?
25
Calculate the greatest common factor of 29659252 and 84.
28
What is the highest common factor of 2436672 and 78960?
336
Calculate the greatest common factor of 221971394 and 58.
58
Calculate the greatest common factor of 11257432 and 2136.
712
What is the greatest common factor of 121080 and 2214755?
5045
What is the greatest common factor of 3682549 and 44532?
1237
What is the highest common divisor of 4103973 and 41904?
2619
What is the greatest common divisor of 39969154 and 24158?
514
Calculate the highest common divisor of 7682319 and 665469.
4527
What is the highest common divisor of 162 and 34710822?
54
What is the greatest common factor of 37967553 and 5157?
1719
What is the greatest common factor of 342 and 333180846?
342
Calculate the greatest common factor of 255 and 90933.
51
Calculate the greatest common divisor of 18236 and 655623.
97
Calculate the highest common factor of 3150 and 54050.
50
What is the greatest common factor of 72 and 329567856?
24
What is the highest common divisor of 36 and 24668073?
9
What is the highest common divisor of 92717190 and 